{"id":263,"date":"2024-07-04T14:52:52","date_gmt":"2024-07-04T12:52:52","guid":{"rendered":"https:\/\/chauffage-technique.fr\/?page_id=263"},"modified":"2024-07-04T14:58:28","modified_gmt":"2024-07-04T12:58:28","slug":"mentions-legales","status":"publish","type":"page","link":"https:\/\/chauffage-technique.fr\/index.php\/mentions-legales\/","title":{"rendered":"Mentions l\u00e9gales"},"content":{"rendered":"\t\t<div data-elementor-type=\"wp-page\" data-elementor-id=\"263\" class=\"elementor elementor-263\" data-elementor-post-type=\"page\">\n\t\t\t\t<div class=\"elementor-element elementor-element-0fdd42c e-flex e-con-boxed e-con e-parent\" data-id=\"0fdd42c\" data-element_type=\"container\" data-e-type=\"container\" data-settings=\"{&quot;background_background&quot;:&quot;classic&quot;}\">\n\t\t\t\t\t<div class=\"e-con-inner\">\n\t\t\t\t<div class=\"elementor-element elementor-element-6938aae elementor-widget elementor-widget-heading\" data-id=\"6938aae\" data-element_type=\"widget\" data-e-type=\"widget\" data-widget_type=\"heading.default\">\n\t\t\t\t<div class=\"elementor-widget-container\">\n\t\t\t\t\t<h4 class=\"elementor-heading-title elementor-size-default\">mentions l\u00e9gales<\/h4>\t\t\t\t<\/div>\n\t\t\t\t<\/div>\n\t\t\t\t\t<\/div>\n\t\t\t\t<\/div>\n\t\t<div class=\"elementor-element elementor-element-839501e e-flex e-con-boxed e-con e-parent\" data-id=\"839501e\" data-element_type=\"container\" data-e-type=\"container\">\n\t\t\t\t\t<div class=\"e-con-inner\">\n\t\t\t\t<div class=\"elementor-element elementor-element-7e78e83 elementor-widget elementor-widget-text-editor\" data-id=\"7e78e83\" data-element_type=\"widget\" data-e-type=\"widget\" data-widget_type=\"text-editor.default\">\n\t\t\t\t<div class=\"elementor-widget-container\">\n\t\t\t\t\t\t\t\t\t<div><div><p style=\"text-align: justify;\">https:\/\/chauffage-technique.fr est le site Internet officiel de Chauffage Technique.<br \/>En vous connectant sur ce site, vous acceptez les pr\u00e9sentes modalit\u00e9s des mentions l\u00e9gales.<\/p><p style=\"text-align: justify;\"><strong>\u00c9diteur :<\/strong><\/p><p style=\"text-align: justify;\">Groupe AMS, SAS au capital social de 2000 \u20ac, repr\u00e9sent\u00e9e par Johnny Vilain.<br \/>Coordonn\u00e9es : <br \/>10 route de la Borie &#8211; 24100 Saint-Astier. <br \/>T\u00e9l\u00e9phone : 05 53 54 40 30, <br \/>mail : contact@isol-technique.fr.<br \/><span class=\"copyNumber__copy\">N\u00b0 SIREN : 879325520<\/span>.<br \/>RCS : P\u00e9rigueux B 879 325 520, num\u00e9ro TVA : FR74879325520.<\/p><p style=\"text-align: justify;\"><strong> R\u00e9alisation, cr\u00e9ation du site Internet :<\/strong><\/p><p style=\"text-align: justify;\">Agence de design IL\u00d4 Cr\u00e9atif<br \/>13 Boulevard Stalingrad<br \/>24000 P\u00e9rigueux \u2013 Dordogne<br \/><a href=\"https:\/\/www.ilo-creatif.com\"><span style=\"color: #790d0d;\">https:\/\/www.ilo-creatif.com<\/span><\/a><\/p><\/div><p style=\"text-align: justify;\"><strong><br \/>Directeur de la publication et r\u00e9daction :<\/strong><\/p><p style=\"text-align: justify;\">Johnny Vilain<br \/>contact@isol-technique.fr<\/p><div><p style=\"text-align: justify;\"><strong>H\u00e9bergeur :<\/strong><\/p><p style=\"text-align: justify;\">OVH<br \/>SAS au capital de 10 174 560 \u20ac<br \/>RCS Lille M\u00e9tropole 424 761 419 00045<br \/>Code APE 2620Z<br \/>N\u00b0 TVA : FR 22 424 761 419<br \/>Si\u00e8ge social : 2 rue Kellermann &#8211; 59100 Roubaix &#8211; France<\/p><p style=\"text-align: justify;\"><strong>Cr\u00e9dits photos :<\/strong><br \/>AdobeStock, Chauffage Technique<\/p><p style=\"text-align: justify;\"><strong>Le site<\/strong><br \/>https:\/\/chauffage-technique.fr est la propri\u00e9t\u00e9 de Chauffage Technique.<\/p><p style=\"text-align: justify;\"><strong>Droits de propri\u00e9t\u00e9 intellectuelle et droits d\u2019auteur :<\/strong><br \/>Les informations, pictogrammes, photographies, images, textes, s\u00e9quences, vid\u00e9os, anim\u00e9es, sonores ou non, et d\u2019autres documents pr\u00e9sents sur ce site Internet, sont prot\u00e9g\u00e9s par la l\u00e9gislation fran\u00e7aise et internationale sur le droit d\u2019auteur et la propri\u00e9t\u00e9 intellectuelle. \u00c0 ce titre, toute reproduction, repr\u00e9sentation, adaptation ou modification, partielle ou int\u00e9grale, ou tout transfert sur un autre site sont interdits.<br \/>Toute reproduction partielle ou totale \u00e0 usage collectif est strictement interdite sans autorisation de Chauffage Technique (loi du 11 mars 1957, art.41, et Code de la propri\u00e9t\u00e9 intellectuelle du 1er juillet 1992). La copie sur support papier \u00e0 usage priv\u00e9 de ces diff\u00e9rents objets de droits est autoris\u00e9e (art.L122-5 du Code de la Propri\u00e9t\u00e9 Intellectuelle).<br \/>Les logos, visuels et marques pr\u00e9sentes sur ce site sont la propri\u00e9t\u00e9 de leur d\u00e9tenteur respectif. En cons\u00e9quence, toute utilisation des produits y compris le site Internet de Chauffage Technique ne peut \u00eatre faite que moyennant l\u2019autorisation \u00e9crite de Chauffage Technique dont celui-ci sont seul juge. Les bases de donn\u00e9es figurant sur ce site Internet sont prot\u00e9g\u00e9es par les dispositions de la loi du 11 juillet 1998 portant transposition dans le Code de la Propri\u00e9t\u00e9 Intellectuelle de la directive europ\u00e9enne du 11 mars 1996 relative \u00e0 la protection juridique des bases de donn\u00e9es (et notamment l\u2019interdiction d\u2019extraire, de r\u00e9utiliser, partiellement ou totalement, le contenu des bases de donn\u00e9es de www.chauffage-technique.fr).<\/p><p style=\"text-align: justify;\"><strong>Protection de donn\u00e9es personnelles :<\/strong><br \/>Les donn\u00e9es personnelles recueillies sur ce site r\u00e9sultent de la communication volontaire d\u2019une adresse de courrier \u00e9lectronique lors du d\u00e9p\u00f4t d\u2019un message \u00e9lectronique. Les donn\u00e9es ainsi recueillies ne servent qu\u2019\u00e0 transmettre les \u00e9l\u00e9ments d\u2019informations demand\u00e9s et n\u2019ont pour seul destinataire que Chauffage Technique aupr\u00e8s duquel peut s\u2019exercer les droits d\u2019acc\u00e8s et de rectification, conform\u00e9ment aux articles 27 et 34 de la loi n\u00b078-17 du 6 janvier 1978 relative \u00e0 l\u2019informatique, aux fichiers et aux libert\u00e9s. Pour l\u2019exercer, adresser votre demande \u00e9crite aupr\u00e8s de Chauffage Technique. En vertu de la loi n\u00b02000-719 du 1er ao\u00fbt 2000, les coordonn\u00e9es d\u00e9clar\u00e9es par l\u2019utilisateur pourront \u00eatre communiqu\u00e9es sur r\u00e9quisition des autorit\u00e9s judiciaires.<br \/>Les donn\u00e9es recueillies dans ce cadre ne pourront \u00eatre c\u00e9d\u00e9es \u00e0 des tiers ou communiqu\u00e9es \u00e0 des fins non pr\u00e9vues.<\/p><p style=\"text-align: justify;\"><strong>Liens hypertextes vers d\u2019autres sites Internet :<\/strong><br \/>Les liens hypertextes pr\u00e9sents sur le site Internet sont propos\u00e9s uniquement dans le but d\u2019apporter l\u2019information la plus compl\u00e8te possible \u00e0 l\u2019internaute ; ni leur contenu, ni les liens qu\u2019ils contiennent, ni les changements ou ni les mises \u00e0 jours qui leur sont apport\u00e9s ne sauraient engager la responsabilit\u00e9 de Chauffage Technique.<br \/>L\u2019acc\u00e8s \u00e0 des sites externes reli\u00e9s \u00e0 ce site rel\u00e8ve de votre enti\u00e8re responsabilit\u00e9.<\/p><p style=\"text-align: justify;\"><strong>Responsabilit\u00e9 :<\/strong><br \/>Chauffage Technique ne peut garantir l\u2019exactitude, la pr\u00e9cision ou l\u2019exhaustivit\u00e9 des informations mises \u00e0 votre disposition sur le site. Chauffage Technique d\u00e9cline par cons\u00e9quent toute responsabilit\u00e9 pour toute impr\u00e9cision, inexactitude ou omission portant sur des informations disponibles sur ce site.<\/p><p style=\"text-align: justify;\"><strong>Modification :<\/strong><br \/>Chauffage Technique se r\u00e9serve le droit de modifier ou de corriger le contenu de ce site \u00e0 tout moment et sans pr\u00e9avis, sans que cela puisse donner lieu \u00e0 un quelconque droit \u00e0 d\u00e9dommagement.<\/p><p style=\"text-align: justify;\"><strong>Formulaire de contact :<\/strong><br \/>Les informations recueillies aupr\u00e8s des personnes par le biais du formulaire de contact sont conformes \u00e0 la Loi Informatique et Libert\u00e9s. Vos r\u00e9ponses sont facultatives et le d\u00e9faut de r\u00e9ponse n\u2019entra\u00eene aucune cons\u00e9quence particuli\u00e8re. N\u00e9anmoins, vos r\u00e9ponses doivent \u00eatre suffisantes pour nous permettre de traiter l\u2019information.<\/p><\/div><\/div>\t\t\t\t\t\t\t\t<\/div>\n\t\t\t\t<\/div>\n\t\t\t\t\t<\/div>\n\t\t\t\t<\/div>\n\t\t\t\t<\/div>\n\t\t","protected":false},"excerpt":{"rendered":"<p>mentions l\u00e9gales https:\/\/chauffage-technique.fr est le site Internet officiel de Chauffage Technique.En vous connectant sur ce site, vous acceptez les pr\u00e9sentes modalit\u00e9s des mentions l\u00e9gales. \u00c9diteur : Groupe AMS, SAS au capital social de 2000 \u20ac, repr\u00e9sent\u00e9e par Johnny Vilain.Coordonn\u00e9es : 10 route de la Borie &#8211; 24100 Saint-Astier. T\u00e9l\u00e9phone : 05 53 54 40 30,&hellip;<\/p>\n","protected":false},"author":1,"featured_media":0,"parent":0,"menu_order":0,"comment_status":"closed","ping_status":"closed","template":"elementor_header_footer","meta":{"inline_featured_image":false,"footnotes":""},"class_list":["post-263","page","type-page","status-publish","hentry"],"yoast_head":"<!-- This site is optimized with the Yoast SEO plugin v27.1.1 - https:\/\/yoast.com\/product\/yoast-seo-wordpress\/ -->\n<title>Mentions l\u00e9gales - Chauffage Technique<\/title>\n<meta name=\"robots\" content=\"index, follow, max-snippet:-1, max-image-preview:large, max-video-preview:-1\" \/>\n<link rel=\"canonical\" href=\"https:\/\/chauffage-technique.fr\/index.php\/mentions-legales\/\" \/>\n<meta property=\"og:locale\" content=\"fr_FR\" \/>\n<meta property=\"og:type\" content=\"article\" \/>\n<meta property=\"og:title\" content=\"Mentions l\u00e9gales - Chauffage Technique\" \/>\n<meta property=\"og:description\" content=\"mentions l\u00e9gales https:\/\/chauffage-technique.fr est le site Internet officiel de Chauffage Technique.En vous connectant sur ce site, vous acceptez les pr\u00e9sentes modalit\u00e9s des mentions l\u00e9gales. \u00c9diteur : Groupe AMS, SAS au capital social de 2000 \u20ac, repr\u00e9sent\u00e9e par Johnny Vilain.Coordonn\u00e9es : 10 route de la Borie &#8211; 24100 Saint-Astier. T\u00e9l\u00e9phone : 05 53 54 40 30,&hellip;\" \/>\n<meta property=\"og:url\" content=\"https:\/\/chauffage-technique.fr\/index.php\/mentions-legales\/\" \/>\n<meta property=\"og:site_name\" content=\"Chauffage Technique\" \/>\n<meta property=\"article:modified_time\" content=\"2024-07-04T12:58:28+00:00\" \/>\n<meta name=\"twitter:card\" content=\"summary_large_image\" \/>\n<meta name=\"twitter:label1\" content=\"Dur\u00e9e de lecture estim\u00e9e\" \/>\n\t<meta name=\"twitter:data1\" content=\"4 minutes\" \/>\n<script type=\"application\/ld+json\" class=\"yoast-schema-graph\">{\"@context\":\"https:\/\/schema.org\",\"@graph\":[{\"@type\":\"WebPage\",\"@id\":\"https:\/\/chauffage-technique.fr\/index.php\/mentions-legales\/\",\"url\":\"https:\/\/chauffage-technique.fr\/index.php\/mentions-legales\/\",\"name\":\"Mentions l\u00e9gales - Chauffage Technique\",\"isPartOf\":{\"@id\":\"https:\/\/chauffage-technique.fr\/#website\"},\"datePublished\":\"2024-07-04T12:52:52+00:00\",\"dateModified\":\"2024-07-04T12:58:28+00:00\",\"breadcrumb\":{\"@id\":\"https:\/\/chauffage-technique.fr\/index.php\/mentions-legales\/#breadcrumb\"},\"inLanguage\":\"fr-FR\",\"potentialAction\":[{\"@type\":\"ReadAction\",\"target\":[\"https:\/\/chauffage-technique.fr\/index.php\/mentions-legales\/\"]}]},{\"@type\":\"BreadcrumbList\",\"@id\":\"https:\/\/chauffage-technique.fr\/index.php\/mentions-legales\/#breadcrumb\",\"itemListElement\":[{\"@type\":\"ListItem\",\"position\":1,\"name\":\"Accueil\",\"item\":\"https:\/\/chauffage-technique.fr\/\"},{\"@type\":\"ListItem\",\"position\":2,\"name\":\"Mentions l\u00e9gales\"}]},{\"@type\":\"WebSite\",\"@id\":\"https:\/\/chauffage-technique.fr\/#website\",\"url\":\"https:\/\/chauffage-technique.fr\/\",\"name\":\"Chauffage Technique\",\"description\":\"Chauffage, climatisation &amp; ventilation en Dordogne\",\"publisher\":{\"@id\":\"https:\/\/chauffage-technique.fr\/#organization\"},\"potentialAction\":[{\"@type\":\"SearchAction\",\"target\":{\"@type\":\"EntryPoint\",\"urlTemplate\":\"https:\/\/chauffage-technique.fr\/?s={search_term_string}\"},\"query-input\":{\"@type\":\"PropertyValueSpecification\",\"valueRequired\":true,\"valueName\":\"search_term_string\"}}],\"inLanguage\":\"fr-FR\"},{\"@type\":\"Organization\",\"@id\":\"https:\/\/chauffage-technique.fr\/#organization\",\"name\":\"Chauffage Technique\",\"url\":\"https:\/\/chauffage-technique.fr\/\",\"logo\":{\"@type\":\"ImageObject\",\"inLanguage\":\"fr-FR\",\"@id\":\"https:\/\/chauffage-technique.fr\/#\/schema\/logo\/image\/\",\"url\":\"https:\/\/chauffage-technique.fr\/wp-content\/uploads\/2024\/07\/Chauffage-Technique-Dordogne-Logo.svg\",\"contentUrl\":\"https:\/\/chauffage-technique.fr\/wp-content\/uploads\/2024\/07\/Chauffage-Technique-Dordogne-Logo.svg\",\"width\":300,\"height\":114,\"caption\":\"Chauffage Technique\"},\"image\":{\"@id\":\"https:\/\/chauffage-technique.fr\/#\/schema\/logo\/image\/\"}}]}<\/script>\n<!-- \/ Yoast SEO plugin. -->","yoast_head_json":{"title":"Mentions l\u00e9gales - Chauffage Technique","robots":{"index":"index","follow":"follow","max-snippet":"max-snippet:-1","max-image-preview":"max-image-preview:large","max-video-preview":"max-video-preview:-1"},"canonical":"https:\/\/chauffage-technique.fr\/index.php\/mentions-legales\/","og_locale":"fr_FR","og_type":"article","og_title":"Mentions l\u00e9gales - Chauffage Technique","og_description":"mentions l\u00e9gales https:\/\/chauffage-technique.fr est le site Internet officiel de Chauffage Technique.En vous connectant sur ce site, vous acceptez les pr\u00e9sentes modalit\u00e9s des mentions l\u00e9gales. \u00c9diteur : Groupe AMS, SAS au capital social de 2000 \u20ac, repr\u00e9sent\u00e9e par Johnny Vilain.Coordonn\u00e9es : 10 route de la Borie &#8211; 24100 Saint-Astier. T\u00e9l\u00e9phone : 05 53 54 40 30,&hellip;","og_url":"https:\/\/chauffage-technique.fr\/index.php\/mentions-legales\/","og_site_name":"Chauffage Technique","article_modified_time":"2024-07-04T12:58:28+00:00","twitter_card":"summary_large_image","twitter_misc":{"Dur\u00e9e de lecture estim\u00e9e":"4 minutes"},"schema":{"@context":"https:\/\/schema.org","@graph":[{"@type":"WebPage","@id":"https:\/\/chauffage-technique.fr\/index.php\/mentions-legales\/","url":"https:\/\/chauffage-technique.fr\/index.php\/mentions-legales\/","name":"Mentions l\u00e9gales - Chauffage Technique","isPartOf":{"@id":"https:\/\/chauffage-technique.fr\/#website"},"datePublished":"2024-07-04T12:52:52+00:00","dateModified":"2024-07-04T12:58:28+00:00","breadcrumb":{"@id":"https:\/\/chauffage-technique.fr\/index.php\/mentions-legales\/#breadcrumb"},"inLanguage":"fr-FR","potentialAction":[{"@type":"ReadAction","target":["https:\/\/chauffage-technique.fr\/index.php\/mentions-legales\/"]}]},{"@type":"BreadcrumbList","@id":"https:\/\/chauffage-technique.fr\/index.php\/mentions-legales\/#breadcrumb","itemListElement":[{"@type":"ListItem","position":1,"name":"Accueil","item":"https:\/\/chauffage-technique.fr\/"},{"@type":"ListItem","position":2,"name":"Mentions l\u00e9gales"}]},{"@type":"WebSite","@id":"https:\/\/chauffage-technique.fr\/#website","url":"https:\/\/chauffage-technique.fr\/","name":"Chauffage Technique","description":"Chauffage, climatisation &amp; ventilation en Dordogne","publisher":{"@id":"https:\/\/chauffage-technique.fr\/#organization"},"potentialAction":[{"@type":"SearchAction","target":{"@type":"EntryPoint","urlTemplate":"https:\/\/chauffage-technique.fr\/?s={search_term_string}"},"query-input":{"@type":"PropertyValueSpecification","valueRequired":true,"valueName":"search_term_string"}}],"inLanguage":"fr-FR"},{"@type":"Organization","@id":"https:\/\/chauffage-technique.fr\/#organization","name":"Chauffage Technique","url":"https:\/\/chauffage-technique.fr\/","logo":{"@type":"ImageObject","inLanguage":"fr-FR","@id":"https:\/\/chauffage-technique.fr\/#\/schema\/logo\/image\/","url":"https:\/\/chauffage-technique.fr\/wp-content\/uploads\/2024\/07\/Chauffage-Technique-Dordogne-Logo.svg","contentUrl":"https:\/\/chauffage-technique.fr\/wp-content\/uploads\/2024\/07\/Chauffage-Technique-Dordogne-Logo.svg","width":300,"height":114,"caption":"Chauffage Technique"},"image":{"@id":"https:\/\/chauffage-technique.fr\/#\/schema\/logo\/image\/"}}]}},"_links":{"self":[{"href":"https:\/\/chauffage-technique.fr\/index.php\/wp-json\/wp\/v2\/pages\/263","targetHints":{"allow":["GET"]}}],"collection":[{"href":"https:\/\/chauffage-technique.fr\/index.php\/wp-json\/wp\/v2\/pages"}],"about":[{"href":"https:\/\/chauffage-technique.fr\/index.php\/wp-json\/wp\/v2\/types\/page"}],"author":[{"embeddable":true,"href":"https:\/\/chauffage-technique.fr\/index.php\/wp-json\/wp\/v2\/users\/1"}],"replies":[{"embeddable":true,"href":"https:\/\/chauffage-technique.fr\/index.php\/wp-json\/wp\/v2\/comments?post=263"}],"version-history":[{"count":8,"href":"https:\/\/chauffage-technique.fr\/index.php\/wp-json\/wp\/v2\/pages\/263\/revisions"}],"predecessor-version":[{"id":448,"href":"https:\/\/chauffage-technique.fr\/index.php\/wp-json\/wp\/v2\/pages\/263\/revisions\/448"}],"wp:attachment":[{"href":"https:\/\/chauffage-technique.fr\/index.php\/wp-json\/wp\/v2\/media?parent=263"}],"curies":[{"name":"wp","href":"https:\/\/api.w.org\/{rel}","templated":true}]}}